{"id":1106,"date":"2023-01-14T16:55:35","date_gmt":"2023-01-14T13:55:35","guid":{"rendered":"http:\/\/gurupaydinlatma.com.tr\/?post_type=product&#038;p=1106"},"modified":"2025-06-28T17:56:54","modified_gmt":"2025-06-28T14:56:54","slug":"migfer","status":"publish","type":"product","link":"http:\/\/gurupaydinlatma.com.tr\/index.php\/urun\/migfer\/","title":{"rendered":"M\u0130\u011eFER"},"content":{"rendered":"<p>GA 16.445<\/p>\n<p>\u2022 \u00c7elik boru g\u00f6vde<br \/>\n\u2022 Al\u00fcminyum d\u00f6k\u00fcm dip kol ve armat\u00fcr<br \/>\n\u2022 Polikarbon diff\u00fczer<br \/>\n\u2022\u00a0 \u00f6zel so\u011futma kanall\u0131 Samsung led<br \/>\n\u2022 Elektrostatik toz boya<br \/>\n\u2022\u00a0 H 270 Cm<\/p>\n","protected":false},"excerpt":{"rendered":"<p>GA 16.445 \u2022 \u00c7elik boru g\u00f6vde \u2022 Al\u00fcminyum d\u00f6k\u00fcm dip kol ve armat\u00fcr \u2022 Polikarbon diff\u00fczer \u2022\u00a0 \u00f6zel so\u011futma kanall\u0131 Samsung led \u2022 Elektrostatik toz boya \u2022\u00a0 H 270 Cm<\/p>\n","protected":false},"featured_media":1812,"comment_status":"open","ping_status":"closed","template":"","meta":[],"product_cat":[26],"product_tag":[],"class_list":{"0":"post-1106","1":"product","2":"type-product","3":"status-publish","4":"has-post-thumbnail","6":"product_cat-klasik-aydinlatma-direkleri","8":"first","9":"instock","10":"taxable","11":"shipping-taxable","12":"product-type-simple"},"_links":{"self":[{"href":"http:\/\/gurupaydinlatma.com.tr\/index.php\/wp-json\/wp\/v2\/product\/1106","targetHints":{"allow":["GET"]}}],"collection":[{"href":"http:\/\/gurupaydinlatma.com.tr\/index.php\/wp-json\/wp\/v2\/product"}],"about":[{"href":"http:\/\/gurupaydinlatma.com.tr\/index.php\/wp-json\/wp\/v2\/types\/product"}],"replies":[{"embeddable":true,"href":"http:\/\/gurupaydinlatma.com.tr\/index.php\/wp-json\/wp\/v2\/comments?post=1106"}],"wp:featuredmedia":[{"embeddable":true,"href":"http:\/\/gurupaydinlatma.com.tr\/index.php\/wp-json\/wp\/v2\/media\/1812"}],"wp:attachment":[{"href":"http:\/\/gurupaydinlatma.com.tr\/index.php\/wp-json\/wp\/v2\/media?parent=1106"}],"wp:term":[{"taxonomy":"product_cat","embeddable":true,"href":"http:\/\/gurupaydinlatma.com.tr\/index.php\/wp-json\/wp\/v2\/product_cat?post=1106"},{"taxonomy":"product_tag","embeddable":true,"href":"http:\/\/gurupaydinlatma.com.tr\/index.php\/wp-json\/wp\/v2\/product_tag?post=1106"}],"curies":[{"name":"wp","href":"https:\/\/api.w.org\/{rel}","templated":true}]}}