{"id":1112,"date":"2023-01-14T17:54:48","date_gmt":"2023-01-14T14:54:48","guid":{"rendered":"http:\/\/gurupaydinlatma.com.tr\/?post_type=product&#038;p=1112"},"modified":"2025-06-28T17:55:51","modified_gmt":"2025-06-28T14:55:51","slug":"catalli-saray-setustu","status":"publish","type":"product","link":"http:\/\/gurupaydinlatma.com.tr\/index.php\/urun\/catalli-saray-setustu\/","title":{"rendered":"\u00c7ATALLI SARAY SET\u00dcST\u00dc"},"content":{"rendered":"<p>GA 16.480<\/p>\n<p>\u2022 Al\u00fcminyum d\u00f6k\u00fcm kafa ve kaide<br \/>\n\u2022 Polikarbon diff\u00fczer<br \/>\n\u2022 E 27 duy<br \/>\n\u2022 Elektrostatik toz boya<br \/>\n\u2022 H 55 cm W 25 cm<\/p>\n","protected":false},"excerpt":{"rendered":"<p>GA 16.480 \u2022 Al\u00fcminyum d\u00f6k\u00fcm kafa ve kaide \u2022 Polikarbon diff\u00fczer \u2022 E 27 duy \u2022 Elektrostatik toz boya \u2022 H 55 cm W 25 cm<\/p>\n","protected":false},"featured_media":902,"comment_status":"open","ping_status":"closed","template":"","meta":[],"product_cat":[28],"product_tag":[],"class_list":{"0":"post-1112","1":"product","2":"type-product","3":"status-publish","4":"has-post-thumbnail","6":"product_cat-setustu-aydinlatma","8":"first","9":"instock","10":"taxable","11":"shipping-taxable","12":"product-type-simple"},"_links":{"self":[{"href":"http:\/\/gurupaydinlatma.com.tr\/index.php\/wp-json\/wp\/v2\/product\/1112","targetHints":{"allow":["GET"]}}],"collection":[{"href":"http:\/\/gurupaydinlatma.com.tr\/index.php\/wp-json\/wp\/v2\/product"}],"about":[{"href":"http:\/\/gurupaydinlatma.com.tr\/index.php\/wp-json\/wp\/v2\/types\/product"}],"replies":[{"embeddable":true,"href":"http:\/\/gurupaydinlatma.com.tr\/index.php\/wp-json\/wp\/v2\/comments?post=1112"}],"wp:featuredmedia":[{"embeddable":true,"href":"http:\/\/gurupaydinlatma.com.tr\/index.php\/wp-json\/wp\/v2\/media\/902"}],"wp:attachment":[{"href":"http:\/\/gurupaydinlatma.com.tr\/index.php\/wp-json\/wp\/v2\/media?parent=1112"}],"wp:term":[{"taxonomy":"product_cat","embeddable":true,"href":"http:\/\/gurupaydinlatma.com.tr\/index.php\/wp-json\/wp\/v2\/product_cat?post=1112"},{"taxonomy":"product_tag","embeddable":true,"href":"http:\/\/gurupaydinlatma.com.tr\/index.php\/wp-json\/wp\/v2\/product_tag?post=1112"}],"curies":[{"name":"wp","href":"https:\/\/api.w.org\/{rel}","templated":true}]}}